t common factor of 12657 and 3.
3
What is the highest common factor of 17057 and 37?
37
Calculate the highest common divisor of 1141 and 51834.
163
Calculate the highest common divisor of 163060 and 32.
4
What is the greatest common factor of 33 and 10274?
11
Calculate the greatest common factor of 75834 and 10890.
198
Calculate the highest common divisor of 81 and 30681.
9
What is the highest common divisor of 948350 and 260?
130
What is the greatest common factor of 627380 and 195?
65
Calculate the highest common factor of 14268 and 3132.
348
Calculate the greatest common factor of 225126 and 594.
594
Calculate the highest common factor of 15960 and 226860.
1140
Calculate the greatest common factor of 60844 and 308.
28
What is the greatest common divisor of 44344 and 184?
184
Calculate the highest common factor of 216 and 32496.
24
What is the greatest common divisor of 1860 and 868?
124
What is the greatest common divisor of 520 and 102700?
260
What is the highest common factor of 93216 and 480?
96
What is the greatest common divisor of 70595 and 70?
35
What is the highest common divisor of 12106 and 196?
2
What is the highest common factor of 1512266 and 218?
218
What is the greatest common factor of 36 and 12510?
18
What is the highest common factor of 561918 and 102?
102
What is the greatest common divisor of 2436 and 638?
58
What is the greatest common factor of 231 and 4928?
77
Calculate the greatest common factor of 756 and 148365.
189
Calculate the greatest common divisor of 3845 and 325.
5
What is the highest common divisor of 191 and 7427226?
191
What is the greatest common divisor of 164256 and 672?
96
Calculate the highest common divisor of 15606 and 342.
18
What is the highest common divisor of 2438 and 306711?
53
Calculate the greatest common factor of 19 and 7961.
19
Calculate the greatest common factor of 20 and 679110.
10
Calculate the greatest common factor of 2831 and 133.
19
Calculate the highest common divisor of 135 and 62190.
45
Calculate the greatest common divisor of 1620 and 2112.
12
What is the highest common factor of 108 and 33075?
27
What is the highest common factor of 81 and 38232?
81
Calculate the highest common factor of 830 and 43910.
10
What is the greatest common divisor of 93429 and 210?
21
What is the highest common divisor of 213 and 45?
3
What is the highest common divisor of 19728 and 216?
72
Calculate the highest common factor of 41990 and 164920.
190
What is the greatest common factor of 19778 and 1430?
22
What is the greatest common factor of 69 and 212451?
69
What is the greatest common divisor of 7513 and 473?
11
Calculate the highest common factor of 231 and 176.
11
Calculate the greatest common divisor of 30261 and 693.
231
Calculate the greatest common factor of 289632 and 28.
28
What is the highest common divisor of 332784 and 696?
24
Calculate the highest common factor of 1280 and 1580.
20
What is the highest common divisor of 18 and 491472?
18
Calculate the greatest common divisor of 71 and 33157.
71
What is the greatest common divisor of 4356 and 207801?
99
Calculate the greatest common factor of 423131 and 23.
23
What is the greatest common factor of 1729 and 304?
19
Calculate the highest common divisor of 90290 and 40.
10
What is the greatest common factor of 2708678 and 399?
133
Calculate the highest common divisor of 1547 and 2002.
91
What is the greatest common divisor of 1845050 and 50?
50
Calculate the greatest common divisor of 18084 and 1452.
132
What is the greatest common divisor of 33 and 36069?
33
Calculate the greatest common factor of 24961 and 95702.
109
What is the highest common factor of 791 and 1921000?
113
What is the greatest common divisor of 39666 and 1287?
33
What is the highest common factor of 12 and 3210?
6
Calculate the highest common divisor of 26818 and 8602.
506
Calculate the highest common factor of 1300 and 972725.
325
Calculate the greatest common factor of 548 and 778.
2
Calculate the greatest common divisor of 325 and 3611985.
65
What is the greatest common divisor of 25088 and 392?
392
What is the greatest common factor of 1358640 and 1850?
370
Calculate the greatest common divisor of 164701 and 1.
1
What is the greatest common factor of 18 and 21627?
9
What is the highest common divisor of 1149117 and 469?
67
Calculate the greatest common divisor of 48 and 156800.
16
What is the greatest common divisor of 315 and 33516?
63
What is the greatest common divisor of 6760 and 107796?
52
Calculate the highest common divisor of 54 and 352962.
18
What is the greatest common factor of 5 and 125485?
5
What is the greatest common divisor of 82 and 2199445?
41
What is the highest common divisor of 92375 and 250?
125
What is the greatest common factor of 91400 and 200?
200
What is the greatest common divisor of 72610 and 2192?
274
Calculate the greatest common divisor of 1800 and 760.
40
What is the greatest common divisor of 137 and 198787?
137
Calculate the highest common factor of 16276 and 1352.
52
Calculate the greatest common divisor of 814041 and 151.
151
Calculate the highest common divisor of 11323 and 12797.
67
Calculate the highest common factor of 396512 and 56.
8
Calculate the greatest common factor of 2364 and 240.
12
Calculate the highest common divisor of 2041 and 1647401.
157
What is the highest common divisor of 90025 and 130?
65
Calculate the highest common factor of 27408 and 144.
48
Calculate the greatest common divisor of 159664 and 17.
17
What is the highest common divisor of 54738 and 1674?
18
What is the greatest common divisor of 1062 and 9864?
18
Calculate the highest common divisor of 90 and 2037870.
90
What is the highest common factor of 138 and 7752?
6
Calculate the highest common factor of 4025 and 8425.
25
Calculate the greatest common divisor of 3625 and 667.
29
Calculate the greatest common factor of 8970 and 6162.
78
Calculate the highest common divisor of 223520 and 6604.
508
What is the greatest common divisor of 63 and 205146?
9
Calculate the greatest common factor of 33 and 94193.
11
Calculate the highest common divisor of 250 and 610.
10
What is the highest common divisor of 414 and 3121422?
138
What is the highest common divisor of 27432 and 7398?
54
What is the greatest common divisor of 89900 and 40?
20
Calculate the greatest common factor of 108 and 771255.
27
Calculate the highest common divisor of 2405 and 74370.
185
Calculate the greatest common divisor of 450 and 144630.
90
What is the greatest common divisor of 9027 and 1593?
531
What is the highest common divisor of 10536 and 8328?
24
Calculate the greatest common factor of 564 and 43005.
141
What is the highest common divisor of 134 and 256007?
67
What is the highest common divisor of 27412 and 599326?
1246
What is the highest common divisor of 4953 and 68961?
381
What is the highest common divisor of 310 and 17825?
155
What is the greatest common factor of 693 and 937440?
63
What is the greatest common factor of 116721 and 786?
393
What is the greatest common factor of 36359 and 11639?
103
Calculate the highest common divisor of 58514 and 1683.
17
What is the greatest common factor of 3372289 and 865?
173
What is the highest common factor of 2880 and 4176?
144
What is the highest common divisor of 306250 and 294?
98
What is the highest common divisor of 786716 and 28?
28
Calculate the greatest common factor of 658 and 301.
7
What is the highest common divisor of 40 and 907510?
10
Calculate the highest common divisor of 948 and 34049.
79
What is the greatest common factor of 19806 and 6?
6
What is the greatest common divisor of 158 and 353999?
79
Calculate the highest common divisor of 1274 and 2743.
13
Calculate the greatest common divisor of 3773 and 2541.
77
Calculate the greatest common divisor of 21012 and 3264.
204
Calculate the greatest common divisor of 196 and 646492.
28
What is the greatest common divisor of 242 and 19052?
22
What is the greatest common factor of 1776 and 429348?
444
What is the highest common factor of 185427 and 99?
99
Calculate the highest common divisor of 27734 and 52638.
566
Calculate the greatest common divisor of 5150 and 320.
10
Calculate the highest common divisor of 556 and 81593.
139
Calculate the highest common divisor